949850?
True
Is 301507683 a multiple of 28?
False
Is 1347 a factor of 3462870534?
False
Is 315 a factor of 749508493?
False
Does 49 divide 2272845179?
False
Is 29807505 a multiple of 61?
False
Is 183362445 a multiple of 5?
True
Is 77 a factor of 6924456?
True
Is 4862819357 a multiple of 2840?
False
Is 125145527 a multiple of 890?
False
Is 37819208 a multiple of 8?
True
Does 3113 divide 6307074972?
True
Is 940 a factor of 2410092320?
True
Is 1053475 a multiple of 24?
False
Is 40 a factor of 1436029224?
False
Is 709574948 a multiple of 5218?
True
Is 114 a factor of 30171354?
True
Is 15 a factor of 367517411?
False
Does 746 divide 123091792?
False
Does 295 divide 44454121?
False
Is 39 a factor of 65059340?
False
Is 4950 a factor of 5122393650?
True
Does 1126 divide 2145334020?
True
Does 402 divide 219386401?
False
Is 2612857704 a multiple of 24?
True
Is 85823565 a multiple of 85?
True
Is 930852178 a multiple of 1516?
False
Does 170 divide 115496810?
True
Is 2018 a factor of 75727547?
False
Is 1249 a factor of 623116108?
True
Does 306 divide 332933586?
False
Is 300794108 a multiple of 758?
True
Is 1862986401 a multiple of 36?
False
Does 274 divide 86940748?
True
Is 108776808 a multiple of 72?
True
Is 389990114 a multiple of 2209?
True
Does 1952 divide 216915006?
False
Does 117 divide 65381331?
False
Is 621 a factor of 447699803?
False
Does 19 divide 87123930?
True
Is 13439118 a multiple of 11?
True
Is 1124605297 a multiple of 120?
False
Is 13 a factor of 262055469?
True
Does 17 divide 2359396374?
True
Is 61666913 a multiple of 19?
True
Is 110 a factor of 3270410?
True
Is 80762688 a multiple of 9?
True
Does 375 divide 5845518?
False
Is 27516764 a multiple of 188?
False
Is 4106 a factor of 185369476?
True
Does 35 divide 1309414680?
True
Is 35792240 a multiple of 16?
True
Is 21 a factor of 399828576?
True
Is 22044996 a multiple of 3852?
True
Is 3620 a factor of 42419160?
True
Does 288 divide 12851899?
False
Is 78413329 a multiple of 3471?
False
Is 338 a factor of 1053425672?
True
Is 398 a factor of 54360830?
True
Does 581 divide 25132160?
False
Is 18 a factor of 13124613?
False
Is 51901616 a multiple of 350?
False
Is 99 a factor of 38962539?
True
Does 44 divide 26445182?
False
Is 1550 a factor of 33345150?
True
Does 11237 divide 2103604646?
False
Is 40670182 a multiple of 350?
False
Is 16279883 a multiple of 23?
True
Does 33 divide 461993862?
True
Does 122 divide 1965298?
True
Does 48 divide 77730672?
True
Is 422 a factor of 11914182?
False
Is 1607 a factor of 283595325?
True
Is 1099712589 a multiple of 489?
True
Is 15 a factor of 338300255?
False
Is 3973150 a multiple of 11?
False
Is 4654626 a multiple of 9?
False
Is 4 a factor of 21738553?
False
Is 33923540 a multiple of 2930?
True
Is 632521471 a multiple of 287?
False
Is 1328912816 a multiple of 176?
True
Is 128777530 a multiple of 4130?
True
Is 278 a factor of 2106168032?
True
Is 15343167 a multiple of 14?
False
Does 57 divide 104567184?
True
Is 784865 a multiple of 48?
False
Is 169 a factor of 95513223?
True
Is 174 a factor of 560560836?
True
Is 973 a factor of 107445471?
True
Does 3729 divide 141146379?
True
Is 122 a factor of 24000006?
False
Is 100 a factor of 585343000?
True
Does 468 divide 61701695?
False
Is 780 a factor of 77744940?
True
Does 9 divide 774778428?
True
Is 76834125 a multiple of 489?
True
Is 78 a factor of 41224697?
False
Does 189 divide 51223914?
True
Does 1879 divide 7935412?
False
Is 10 a factor of 1293852890?
True
Is 15 a factor of 1894402683?
False
Is 6 a factor of 4311926?
False
Does 29 divide 1225809961?
True
Does 143 divide 57464550?
True
Is 41 a factor of 3780095860?
True
Is 26989742 a multiple of 38?
False
Does 740 divide 30359980?
True
Is 292 a factor of 4052514179?
False
Is 386873536 a multiple of 224?
True
Is 114 a factor of 4715382?
True
Is 82479600 a multiple of 8?
True
Does 602 divide 7593261?
False
Is 34 a factor of 32106370?
True
Is 35360214 a multiple of 31?
False
Is 238 a factor of 22909372?
False
Is 14 a factor of 5009690966?
True
Does 9 divide 2619567?
True
Does 19 divide 410006602?
False
Does 106 divide 43603271?
False
Is 112 a factor of 38717728?
True
Is 41724388 a multiple of 31?
True
Is 583 a factor of 1555171156?
True
Is 3284145 a multiple of 729?
True
Is 73483454 a multiple of 682?
True
Does 2 divide 128257976?
True
Is 51654903 a multiple of 284?
False
Does 54 divide 114287328?
True
Is 293795534 a multiple of 37?
False
Does 74 divide 279028765?
False
Does 286 divide 441594010?
True
Does 16 divide 105572400?
True
Is 16920470 a multiple of 662?
False
Is 48 a factor of 199366686?
False
Is 2490802720 a multiple of 95?
True
Does 13 divide 38062287?
False
Is 17 a factor of 848742723?
False
Is 288637531 a multiple of 91?
True
Is 2744697506 a multiple of 2273?
True
Is 425 a factor of 654333383?
False
Is 47245465 a multiple of 85?
True
Does 20 divide 4210469700?
True
Is 63903830 a multiple of 335?
False
Is 188910228 a multiple of 507?
True
Does 187 divide 178876257?
False
Does 5 divide 2066220?
True
Is 5414184 a multiple of 36?
True
Does 50 divide 137813750?
True
Does 9 divide 129904866?
True
Does 279 divide 8809095?
False
Is 674 a factor of 14758575?
False
Is 36937269 a multiple of 2?
False
Is 1689754 a multiple of 3?
False
Is 3550833073 a multiple of 15?
False
Is 10657733 a multiple of 30?
False
Is 244 a factor of 21361468?
True
Is 377852698 a multiple of 197?
True
Does 11 divide 44676797?
True
Is 560259331 a multiple of 10305?
False
Is 21 a factor of 40941348?
True
Is 3772 a factor of 453281240?
True
Is 321689075 a multiple of 317?
False
Does 361 divide 1628665940?
True
Does 109 divide 830943842?
True
Does 1154 divide 847917056?
False
Is 669258171 a multiple of 393?
True
Does 17 divide 596997580?
False
Is 10 a factor of 328024264?
False
Is 214386354 a multiple of 18?
True
Is 14 a factor of 42728204?
False
Is 3 a factor of 332903607?
True
Is 49496207 a multiple of 855?
False
Is 1378920 a multiple of 311?
False
Is 1604688889 a multiple of 385?
False
Is 274331566 a multiple of 257?
True
Is 59 a factor of 381167624?
False
Is 405 a factor of 7259472?
False
Does 101 divide 807271689?
True
Is 295641840 a multiple of 2886?
True
Is 241263 a multiple of 4?
False
Is 209200152 a multiple of 1302?
True
Does 14 divide 586028786?
True
Is 109 a factor of 53077659?
True
Does 45 divide 663323535?
True
Is 5267 a factor of 599921834?
True
Does 533 divide 396341465?
True
Is 39390318 a multiple of 22?
True
Does 38 divide 6686619384?
True
Does 131 divide 1681212997?
True
Is 1956 a factor of 6221054924?
False
Is 253 a factor of 1588634783?
False
Is 36503 a multiple of 3?
False
Is 26749128 a multiple of 534?
True
Does 65 divide 934582935?
True
Is 1867959797 a multiple of 11?
True
Is 1271 a factor of 153449101?
True
Does 98 divide 10266186?
True
Is 5202170 a multiple of 431?
True
Is 1139 a factor of 716705499?
True
Is 2425 a factor of 1444097200?
True
Does 16 divide 20533510?
False
Does 838 divide 76130624?
True
Does 696 divide 2155817?
False
Is 13 a factor of 287340547?
True
Does 329 divide 2983043?
True
Does 259 divide 55559375?
False
Is 185650748 a multiple of 722?
True
Does 3720 divide 305553360?
True
Is 42586752 a multiple of 423?
False
Does 26 divide 3330249?
False
Is 915017580 a multiple of 76?
True
Does 20 divide 125304941?
False
Is 60 a factor of 6417981?
False
Is 77 a factor of 49054313?
True
Is 1291869481 a multiple of 1490?
False
Does 77 divide 29616119?
False
Is 216 a factor of 202093824?
False
Is 11 a factor of 121084040?
True
Is 2386153 a multiple of 209?
True
Is 90704796 a multiple of 19?
False
Is 706 a factor of 204457600?
True
Is 763761505 a multiple of 17?
False
Is 22012783 a multiple of 1651?
True
Is 1174 a factor of 235347084?
True
Does 3 divide 63247354?
False
Is 108991392 a multiple of 32?
True
Is 2920 a factor of 516831240?
True
Is 448 a factor of 8674640?
False
Does 4 divide 45002844?
True
Is 18067182 a multiple of 56?
False
Does 10 divide 75206303?
False
Does 59 divide 307552191?
True
Is 219276045 a multiple of 355?
True
Is 358539763 a multiple of 5?
False
Does 267 divide 140419229?
False
Is 39 a factor of 9350016?
True
Is 4319 a factor of 1320118145?
False
Is 432 a factor of 627793648?
False
Is 4109009 a multiple of 159?
False
Is 26838051 a multiple